+ -1)).
-12
Calculate 29 + -16 - 12 - 8.
-7
7 - (8 + -1 + -6 - -1)
5
What is -9 + -13 + 25 + (0 - 3)?
0
What is the value of 1 - (-28 + (0 - -2)) - (24 - 23)?
26
What is -7 - (1 + -3 + -1 + -3)?
-1
(1 - 0) + -568 + 585 + 0 + -11
7
12 + -6 + 18 + -8 + 2
18
What is -3 - (6 + -21) - 4?
8
-4 + (34 - 2) + (-32 - -22)
18
What is -5 - (5 - (7 - (-4 - 0 - -1)))?
0
5 + (-4 - 1 - -3) + (-40 - -42)
5
What is (-59 - -105) + (0 - (14 - 0))?
32
-6 + -22 + 18 + (-1 - 0) - -8
-3
Calculate (-21 - 4) + 408 + -391.
-8
-7 - (14 + -40) - -10
29
Calculate (195 - 175) + (0 - 9) + 0 - 2.
9
What is -16 + -2 + (-157 - -164 - (1 + 6))?
-18
What is the value of (1 - (1 - -1)) + (-36 - -19) - 1?
-19
What is the value of -2 + (-3 - -2) + 6 + 5 + 10?
18
Evaluate 2 + -13 - (20 + -10) - (1 - 2).
-20
What is 0 + -9 + (9 - (-8 + 8 + 4))?
-4
-19 - (-9 + 2 + -16)
4
What is -53 - (10 - 29 - 7)?
-27
Evaluate -1 - (5 + (-10 - -6)).
-2
Evaluate -35 + -10 + (-29 - -51).
-23
What is the value of -9 + 26 + -23 + (0 - 6) - 3?
-15
Evaluate 7 - (25 + -28) - (0 - -6).
4
Evaluate -13 + 19 + -11 + (-7 - 1).
-13
What is (12 - 1 - -1) + (-49 - (-28 + -18))?
9
What is 124 + -156 + (3 + 13 - 5)?
-21
(4 - (-4 - -9)) + 4 + 27
30
Evaluate (-19 - -17) + -5 - (-10 + (-3 - -4)).
2
Calculate 107 + -88 - (2 + -12).
29
3 + (0 + 10 - (63 - (1 - -25)))
-24
What is -2 + (-9 - 3) + 15?
1
What is the value of (7 - -3) + (-24 - 1)?
-15
Calculate -8 + -1 + -76 + 94.
9
What is the value of 7 - (8 + -5 + (-10 - 3))?
17
Calculate 3 + 10 + (-5 - 11).
-3
Calculate (-144 - -136) + (-1 - (-1 - -18)).
-26
Evaluate (-7 - (1 - 0)) + 269 + -230.
31
What is the value of (-11 - (17 + -16)) + (-2 - -6)?
-8
Evaluate -8 + (2 + 0 - (-64 + 70)).
-12
Evaluate -12 + (9 - (10 - 12)) - 7.
-8
Calculate 12 + -7 + 12 - 6 - 3 - -34.
42
(1 + 3 - 1) + 592 + -612
-17
Calculate (6 - (8 + 6) - -9) + (21 - 7).
15
What is the value of (2 - (13 + -17)) + 10 + (3 - 5)?
14
1 + -41 + (-171 - -172) + 2 + 8
-29
Evaluate -7 + 6 + 4 + -3.
0
23 - (7 + -20) - 0 - 17
19
(-18 - -10 - -3 - (-5 - 4)) + -26
-22
Calculate (-36 - 13) + 15 + (6 - (4 - 1)).
-31
-18 + (17 - 20) + 14
-7
What is the value of -11 + (-3 - -26) + -1?
11
What is -9 + -22 + 9 + 30?
8
Calculate -20 + -1 - (-12 + (29 - 22 - 3)).
-13
What is the value of 80 + -93 + (27 - 5)?
9
Calculate -15 - ((-21 - -5 - -12) + 10).
-21
Calculate 25 + (-35 - -17) - -1.
8
What is 18 + 1 + -2 + (26 + -27 - 6)?
10
Evaluate (37 - 19) + (62 - 53) + (0 - -1).
28
-2 + 9 + 190 + -182
15
Evaluate 12 + (11 - 19 - 6) - -9.
7
(-4 + 1 - (-14 + 9) - 5) + 24
21
Evaluate 11 - (-12 - -15) - 13.
-5
153 - 173 - (-3 - 11)
-6
What is the value of ((0 - 1) + (-25 - -22) - -9) + -6?
-1
Calculate -6 - ((5 - -19 - 11) + -19).
0
Calculate 8 + -7 + -8 + (-15 - -12).
-10
What is the value of ((-1 - 1) + 13 - (24 - 19)) + -12?
-6
(-6 - (2 - 11)) + -16
-13
What is the value of 13 + -13 + 0 + -2?
-2
What is the value of 7 + 22 + -25 - 10?
-6
What is (-11 + 5 - (-14 - -2)) + -5 - -1?
2
What is the value of -31 - -28 - (2 - (3 - (-1 - -8)))?
-9
Evaluate 0 + 0 + -1 - (-9 - -13).
-5
Calculate (-5 - (22 - 49)) + -7.
15
16 + -11 + (9 - 9) + 1 + 2
8
Evaluate -1 - (7 + -5 + -1).
-2
Evaluate (-15 + -18 - -40) + -27.
-20
Calculate -1 - ((-8 - -6) + -2 - 7).
10
Calculate -24 + 20 + (3 - (5 + -2)) + 8.
4
-15 + (-16 - -15) - -2
-14
What is the value of 3 + -3 + 4 - (0 + 10 - 26)?
20
-6 + (-1 - (-1 - 1)) - -7 - 3
-1
Calculate (4 - 3) + -10 - (7 - (14 - 3)).
-5
What is the value of -63 + 51 + 33 + 1?
22
Evaluate 11 + -8 - (8 - -3).
-8
What is 61 + -73 + (5 - 6) + 2 + 4?
-7
What is the value of -12 + 4 + -3 + 1 + (6 - -4)?
0
What is -3 + 2 - (4 + 1)?
-6
Calculate 22 - (-28 - -45) - (1 + (-2 - 0)).
6
Calculate -1 + 3 - ((-7 - 7) + 1).
15
-1 - ((7 + 1 - -4) + -10) - 5
-8
Calculate (-18 - -14) + -1 + -7.
-12
Evaluate 1 - (8 + -10) - 2.
1
1 + -2 + -28 - (-1 + -12 + 10)
-26
1 - (-5 - -11) - (0 - 0) - 1
-6
Calculate (2 - (-3 + 16 + -5)) + 7 - 1.
0
Calculate -57 + 47 - (-1 + -4 + 4).
-9
What is 12 - (9 - 4 - -16) - 13?
-22
What is the value of -10 - (-33 - -2 - (-36 + 43))?
28
What is (-12 - -3) + 11 + 6?
8
Calculate (-16 - 2) + 4 + (-1 - 0) - 6.
-21
What is the value of -11 + (9 - (7 - 4)) + 1 + -2?
-6
4 + (-12 + 9 - -5) + 4
10
What is (-2 + 7 - (-114 - -106)) + 13?
26
Evaluate 7 - (7 + (11 - 3)).
-8
Calculate 6 + -19 + (9 - -2) + (62 - 62).
-2
What is 9 + 5 + -30 + -21 + (2 - -8)?
-27
What is the value of ((0 - 2) + 2 + 1 - 4) + -1?
-4
What is the value of -8 + -6 - (7 + -31) - 29?
-19
What is the value of 139 - 166 - (-2 + -12)?
-13
Calculate (38 - 28 - (0 + 0)) + -13.
-3
Evaluate 5 + -6 - (3 + -5 + (-2 - -5)).
-2
(2 - ((-6 - -1) + (-1 - -4))) + -19
-15
Calculate 23 - (16 - 13 - -6).
14
-27 + (21 - 6) + 12
0
Calculate (-10 - -5) + (-3 + (3 - -10) - 2).
3
Evaluate 52 + -52 + (27 - 3) + 9.
33
Calculate (-39 - -52 - (8 + -1)) + -4.
2
What is -125 + 132 + (2 - (-1 + -2 + 0))?
12
What is 20 + -14 + 0 + (76 - 67)?
15
Calculate -27 - -50 - -2 - 7.
18
Evaluate -11 - (15 + -14 - 14).
2
What is (1 - -4) + 276 + -270 + -11 + 2?
2
What is 44 + -1 + -1 + -10 + (-26 - -28)?
34
29 + (31 + -61 - -20) + (0 - -1)
20
12 + (-7 - (8 - 0))
-3
-2 + 12 + -2 + (16 - 11)
13
What is 33 - (12 + 37 + -23)?
7
What is -2 - (2 + 5 + (-9 - -10) - 12)?
2
What is the value of (1 - 5) + 393 + -394?
-5
-1 + -1 + -4 - (-4 + 1 + 9)
-12
What is (-33 - -46) + (0 - (-1 + 5))?
9
What is the value of (8 - -2) + -2 + -8 + 4 + 27?
31
Calculate (-7 - 2) + 49 + -42 - 4.
-6
(0 - -13) + (8 - 20 - 23)
-22
4 - (12 + -12 + 16)
-12
(40 - 28) + -2 + -18 - (-3 + -2)
-3
Calculate (16 - (0 + 1)) + -27.
-12
What is -16 - (-48 - -25) - (1 + 7)?
-1
Evaluate -8 - (14 + -19) - -16.
13
(-20 - -8) + 23 - 10
1
5 + (9 - 23) + 4 - 7
-12
Calculate -14 + 17 + (8 - -3).
14
Calculate 4 + -64 + 38 + 47.
25
Calculate -7 - -6 - (6 + -7 + 9).
-9
Evaluate (2 + -1 - 8) + -1 - (-9482 + 9465).
9
What is (9 - (6 - -7)) + -10 + 15?
1
Evaluate -4 - 1 - (2 + 10 + -1 + -5).
-11
What is the value of 5 - 6 - (-97 - -117)?
-21
37 + 0 + 77 + -139
-25
Evaluate 13 - (-19 - -19) - (1 - 1).
13
Calculate -327 + 333 + (-1 - -6).
11
Evaluate 4 - (-6 - (-10 + 17 - (4 - -4))).
9
What is -21 + (14 + -1 - (-5 - (-29 - -14)))?
-18
Calculate -30 - (-15 + -28 + 22).
-9
What is (5 - 2) + 8 + -3 + -2 + 0?
6
Calculate -119 + 138 + (-1 - -1 - 7) - 5.
7
Evaluate 5 + (2 + -2 - -13) + -32.
-14
What is 7 + -14 + 2 + -2?
-7
What is the value of -8 + 1 - (35 + 2 - 28)?
-16
Evaluate (-1 - 5) + (-6 - -9) - 0.
-3
Evaluate 26 - 38 - -20 - 6.
2
What is the value of (2 - 0) + (-21 + 16 + -29 - -20)?
-12
What is -15 - (-10 - 0 - -2 - 0)?
-7
What is the value of 13 - -11 - 9 - (8 + 0)?
7
What is 6 + (0 + -14 + -1 - 12)?
-21
Calculate (-29 - -37) + (0 - 1).
7
Evaluate 6 + 14 + -10 + -1 + (3 - -1).
13
Evaluate 10 - (-1 + 2) - (-19 - (-19 + 10)).
19
What is the value of (-18 + 18 - 2) + (11 - (-1 + 2))?
8
Evaluate (-3 + 14 - 14) + (5 - -1).
3
Calculate -7 + 5 + -3 - (-6 + (4 - 4)).
1
Calculate (-45 - (-33 - 4)) + 1 + -10.
-17
What is the value of 125 - 111 - (-1 + 31 + 2)?
-18
Evaluate -12 - (-1 + (5 - (-1 + 6))).
-11
What is the value of 0 - (27 - (9 - -4 - 2))?
-16
Evaluate 4 + (-7 - -2) + 1 + -5 + 2.
-3
What is 2 - (1 - -9 - (42 + -49))?
-15
Evaluate (9 - 0) + -2 + (-80 - -85).
12
What is the value of 60 + (0 - 67) + (-1 - (-1 + -34))?
27
What is the value of 3 + (33 - 66) + 21?
-9
What is the value of -31 + -4 - (-84 - -38)?
11
Calculate -8 - (12 + (9 - 34)).
5
What is (-10 - -2) + 7 + 9 + -17 + 4?
-5
What is 9 - ((18 - 7) + (-3 - 0))?
1
What is the value of 7 + -45 - -29 - (-1 + 3)?
-11
Calculate (10 + -13 - 1) + 4 - -9.
9
Calculate -1 + -2 - (-14 - (1 - 10)).
2
Calculate 2 + -1 + 24 + -17.
8
Calculate 2 - (-11 - (-19 + (1 - -7) + 8)).
10
Evaluate (2 - 16 - 15 - -15) + 9.
-5
What is (-7 - (13 + -12) - 3) + -10?
-21
What is 0 + -17 + -47 + (177 - 78)?
35
Calculate -22 + 4 - (-1 + 16 + -15).
-18
-29 + (-4 - (9 - 8 - 21 - -4))
-17
What is (3 - -3) + -11 + -8 + 3 + -2?
-12
Evaluate (2 - (-10 - (-24 - -12))) + -6.
-6
Calculate (1238 - 1230) + 1 + -28.
-19
What is the value of -13 + -5 - (-32 - -13)?
1
What is (-861 - -861) + (-1 - 11)?
-12
Evaluate -5 + -1 + -11 + -5 + 7 + 6.
-9
What is the value of -1 + (6 - 6 - 2) + 0 - 0?
-3
What is 8 - ((2 - (-1 - 0)) + (20 - 18))?
3
E